 when w is divided by 18?
16
Suppose -15 - 1 = -4*w. Suppose -g = 5*a - 282, w*a - 2*g - 308 = -74. Calculate the remainder when a is divided by 29.
28
Let o(z) = z**3 + 5*z**2 - 2*z - 5. Let p = 2 + -7. Calculate the remainder when 8 is divided by o(p).
3
Let q(r) = r + 1. Let p = 17 - -8. Let z be p/4 - (-5)/(-20). What is the remainder when 20 is divided by q(z)?
6
Let j be ((-77)/(-2))/(2/4). Suppose 3 = -x, 4*x + j = 4*o + x. Suppose -o = 2*q - 109. What is the remainder when q is divided by 12?
10
Let d(g) = 4*g - 1. Let y(b) = 2*b**2 + 1. Let x be y(1). Calculate the remainder when 21 is divided by d(x).
10
Suppose 173 = 3*c + 2*c - 3*b, -4*c - 4*b + 132 = 0. What is the remainder when 337 is divided by c?
31
Suppose 24*y + 35 = 31*y. What is the remainder when 6 is divided by y?
1
Let u be 12/(-7) + 2/(-7). Suppose 7*w + 3*p = 2*w + 23, -44 = -4*w + 4*p. What is the remainder when (1 - (0 - u)) + 20 is divided by w?
5
Suppose 7 = p + 3, 0 = -3*m - p + 88. What is the remainder when 111 is divided by m?
27
Suppose -6*f + 2*f = 5*y - 4, 2*y + 5*f + 12 = 0. Suppose 19 = j - 2*g + 5, -4*j + 80 = 4*g. Let m = -12 + j. What is the remainder when m is divided by y?
2
Let s = -13 - -35. Calculate the remainder when s is divided by 12.
10
Let p = 22 - 34. Let m = p + 48. Suppose -3*f - f = -m. Calculate the remainder when 17 is divided by f.
8
Let d(w) = w**3 + 12*w**2 + 8*w - 23. What is the remainder when 39 is divided by d(-11)?
9
Let w = 9 - 5. Suppose 3*h + 9 = 5*b, -5*b + 3 = -h - 2*b. What is the remainder when w is divided by (20/15)/((-2)/h)?
0
Let p(m) = 4*m - 3. Let i(r) = -45*r - 1. Let j be i(-2). Suppose 4*w + b = 38 + j, 104 = 3*w - b. Calculate the remainder when w is divided by p(5).
16
Let x = 5 - -24. Suppose 0 = g + 4*m - 17, 0*m = -3*g - m + x. What is the remainder when 24 is divided by g?
6
Suppose w - 64 = -3*z, -z - 44 = -4*z - 5*w. Suppose 2*j = 21 - 5. What is the remainder when z is divided by j?
7
Suppose -a + 6*a = 0. Suppose a = 2*w - 5*w + 6. Suppose 6 = w*v - v. What is the remainder when 16 is divided by v?
4
Suppose 168 = 4*p - 24. Calculate the remainder when p is divided by ((-17)/(-4))/(1/4).
14
Let x be 3/(-2)*2*-1. Suppose x*b + 4*k = 26, -2*b + 3*k + 68 = 2*b. What is the remainder when b is divided by 5?
4
Suppose 5*m - 188 = m. Calculate the remainder when m is divided by 16.
15
Let z = 169 + -113. Suppose -5*x + 65 = 15. Calculate the remainder when z*(10/4)/5 is divided by x.
8
Let p = -8 - -13. What is the remainder when 13 is divided by p?
3
Suppose 0*q + 80 = 4*q. Calculate the remainder when 78 is divided by q.
18
Let s = 96 + -18. What is the remainder when s is divided by (0 + -3)*40/(-6)?
18
Let b be (-1*2)/((-2)/(-4)). Let x = 6 + b. Suppose 0*w - x*w + 16 = 0. What is the remainder when 22 is divided by w?
6
Let v = -8 - -12. Suppose 4*t + 4*p = 60, -v*p = 4*t - 8*p - 92. Calculate the remainder when t is divided by 10.
9
Suppose -t - t = -2*j + 22, 2*j + 5*t = 1. Suppose -2*d = 2*b, 2*b + 16 = -5*d + 1. Calculate the remainder when j is divided by b.
3
Suppose 4*v = -16 + 84. Let x = 110 - 104. What is the remainder when v is divided by x?
5
Let o be ((-2)/3 - -1)*93. Suppose -v = 4*b - 3, -b = 2*v + 2*b - 6. Suppose 0 = 2*u - v - o. Calculate the remainder when u is divided by 5.
2
Suppose -3*j + 28 = -5. What is the remainder when 151 is divided by j?
8
Let a = 17 - 6. Calculate the remainder when 18 is divided by a.
7
Let v = 68 + -26. Calculate the remainder when v is divided by 11.
9
Let s(b) = -11*b**2 + 2*b + 1. Let h be s(-2). Let g = 69 + h. What is the remainder when g is divided by 8?
6
Let y(u) = 4*u + 5. Let v be y(10). Let o = v - 28. Calculate the remainder when 48 is divided by o.
14
Suppose v - 202 = -5*i + 5*v, 2*i - 4*v - 76 = 0. Suppose s = -1, 0*x - 2*s = 4*x - 42. Calculate the remainder when i is divided by x.
9
Let h = -9 - -13. Suppose 4 = h*r - 4. Calculate the remainder when (1 + 5)/(r/8) is divided by 13.
11
Suppose 5*j - 7 - 8 = 0. Let u = 0 + j. Suppose -a = 2*o - 11 + 5, 3*o = u*a. What is the remainder when 4 is divided by a?
0
Suppose -j - 7 = -3*f, 0 = 3*f - 4*j + 6 + 2. Let u(o) = o**3 - 4*o**2 - 2*o - 12. Let i be (4 + -8)*10/(-8). Calculate the remainder when f is divided by u(i).
1
Let c = -6 + 45. What is the remainder when c is divided by 10?
9
Let b(o) = -o**3 - 6*o**2 - 2*o - 7. Let p be b(-6). Suppose f + 136 = p*f. Calculate the remainder when f is divided by 1 + (11/(-1))/(-1).
10
Suppose -5 = 5*t, -a + 4*a = 4*t + 16. Suppose -a*n - k + 24 = 0, -6*n - 5*k + 40 = -2*n. What is the remainder when 29 is divided by n?
4
Let z(c) = 2*c**3 + c**2 - c - 1. Let u be z(-1). Suppose x - 4*r = -2*r + 35, -5*r - 15 = 0. Calculate the remainder when x is divided by (3 - (1 - u)) + 14.
14
Suppose -4*p + 138 = -3*n, 7*n - 9*n + 40 = p. What is the remainder when 103 is divided by p?
31
Let m = 14 - 9. Suppose 2 = m*a - 83. Suppose 20 = 2*x - 2*y, 4*y + 13 = 5*x - 36. What is the remainder when a is divided by x?
8
What is the remainder when 2/(-2 + (-320)/(-156)) is divided by 10?
9
Suppose 0*n = 3*n - 69. Suppose 2*g - 3*g = -n. Let x(j) = 7*j**2 + j. Calculate the remainder when g is divided by x(1).
7
Let y(o) = o - 2. Let m be y(-5). What is the remainder when (-425)/m + (-10)/(-35) is divided by 16?
13
Let h(a) = 4*a**3 - 4*a**2 + 2*a - 3. Let v be h(3). Suppose v = 3*p - 3. What is the remainder when p is divided by 9?
8
Suppose 0 = -8*x + 9*x - 21. What is the remainder when x is divided by 8?
5
Suppose -19 + 104 = 5*k. Calculate the remainder when 48 is divided by k.
14
Let j(i) be the second derivative of -i**5/20 + i**4/2 + 5*i**3/6 + 3*i**2 - i. What is the remainder when j(6) is divided by 13?
10
What is the remainder when (5/4 + 3)*4 is divided by (-1)/(-4) + (-38)/(-8)?
2
Suppose -5*x = -0*x + 110. Calculate the remainder when 2/(-11) - 202/x is divided by 5.
4
Let r(v) = -v**3 + 9*v**2 + v + 1. Let u(k) = 15*k. Let o be u(6). Suppose 4*j = -j + o. Calculate the remainder when j is divided by r(9).
8
Let z = -7 - -15. What is the remainder when 394/26 - (-8)/(-52) is divided by z?
7
Suppose 3*w = -2*a - 0*a + 83, 81 = 2*a + 5*w. Let k = a + -30. What is the remainder when k is divided by 22/4 - (-8)/(-16)?
3
Let a(z) = z**2 + 7*z + 2. Let j be a(-3). Let k = j + 17. Let h = -252 - -256. What is the remainder when k is divided by h?
3
Suppose -3 - 42 = -3*z. Suppose -3*b - z = -6*b. Calculate the remainder when b is divided by 3.
2
Let f(q) = -6*q + 4. Suppose -4*g + 3*c - 13 = 0, 0 = g + 2*c - 6*c. Let z be f(g). Calculate the remainder when z + 2 + 2 + -6 is divided by 9.
8
Suppose 6*u - 3*u = 99. Suppose -u = -2*l - l. Calculate the remainder when l is divided by 6.
5
Let b(n) = -n**2 - 9*n - 1. What is the remainder when 45 is divided by b(-7)?
6
Suppose 4*f - 2*l = 48, -3*f = -3*l - l - 31. Calculate the remainder when f is divided by 7.
6
Let w = 166 + -96. What is the remainder when w is divided by 18?
16
Let a(k) = k**2 + 2*k + 1. Let v be a(-3). Suppose p = -2 + v. What is the remainder when 16 is divided by (-56)/(-9) - p/9?
4
Let o(j) = -3*j**3 + j**2 + j + 1. Suppose -10 - 5 = -3*y. Suppose -2*a - y = 3*a. Calculate the remainder when 7 is divided by o(a).
3
Let l be 506/9 - (-2)/(-9). Let b = -40 + l. Calculate the remainder when b is divided by (9/(-1))/(2/(-2)).
7
Let m(n) be the third derivative of -n**6/120 - n**5/12 + n**4/8 + 4*n**3/3 + 4*n**2. Calculate the remainder when m(-7) is divided by 22.
19
Suppose -3*w = -h - 136, -2*w = w + 2*h - 142. Let b = 11 - -5. What is the remainder when w is divided by b?
14
Suppose 0 = -u + 6 + 6. Calculate the remainder when 46 is divided by u.
10
Suppose f - 304 = -3*i, -500 = -5*i + 2*f - 7*f. Calculate the remainder when i is divided by 21.
18
Suppose 29 = 3*w - 5*c, 4*c + 7 = 4*w - 7*w. Let t(l) = -2*l**2 + 15*l - 11. What is the remainder when t(6) is divided by w?
1
Suppose 2*k - 38 = -6. What is the remainder when 63 is divided by k?
15
Let n(m) = -m**2 - 12*m + 9. Let u = 11 - -3. What is the remainder when n(-8) is divided by u?
13
Suppose i + l + 3 = 35, 3*l = -2*i + 60. Calculate the remainder when 105 is divided by i.
33
Suppose -7 = -4*g + 5. Let n(d) = d**2 - 12*d - 4. Wha